{"id":72,"date":"2020-11-02T12:52:59","date_gmt":"2020-11-02T11:52:59","guid":{"rendered":"http:\/\/montazokien.eu\/?post_type=product&#038;p=72"},"modified":"2026-01-19T09:29:44","modified_gmt":"2026-01-19T08:29:44","slug":"dowsil-785-310ml-bezbarwny","status":"publish","type":"product","link":"http:\/\/montazokien.eu\/?product=dowsil-785-310ml-bezbarwny","title":{"rendered":"Dowsil 785"},"content":{"rendered":"<p><strong>SZCZELIWO SILIKONOWE SANITARNE OCTANOWE,\u00a0<\/strong>jednosk\u0142adnikowe szczeliwo o \u015brednio-wysokim module spr\u0119\u017cysto\u015bci. Zaprojektowane specjalnie do uszczelnie\u0144 sanitarnych wanien, kabin prysznicowych, brodzik\u00f3w i p\u0142ytek ceramicznych<\/p>\n<p><strong>ZALETY<\/strong><\/p>\n<ul>\n<li>Odporny na grzyby i ple\u015b\u0144, bakteriostatyczny<\/li>\n<li>100% polimer silikonowy<\/li>\n<li>Bez rozpuszczalnika<\/li>\n<li>L\u015bni\u0105ca powierzchnia<\/li>\n<li>Pozostaje bez skurczu<\/li>\n<li>Odporny na ozon, promieniowanie UV i du\u017ce r\u00f3\u017cnice temperatur<\/li>\n<li>Zgodny z PN-EN ISO 11600-F&amp;G-20LM<\/li>\n<\/ul>\n","protected":false},"excerpt":{"rendered":"<p><img loading=\"lazy\" class=\"alignnone size-medium wp-image-57\" src=\"http:\/\/montazokien.eu\/wp-content\/uploads\/2020\/11\/791-crt-108x300.jpg\" alt=\"\" width=\"108\" height=\"300\" srcset=\"http:\/\/montazokien.eu\/wp-content\/uploads\/2020\/11\/791-crt-108x300.jpg 108w, http:\/\/montazokien.eu\/wp-content\/uploads\/2020\/11\/791-crt.jpg 248w\" sizes=\"(max-width: 108px) 100vw, 108px\" \/><\/p>\n","protected":false},"featured_media":57,"comment_status":"open","ping_status":"closed","template":"","meta":{"spay_email":""},"_links":{"self":[{"href":"http:\/\/montazokien.eu\/index.php?rest_route=\/wp\/v2\/product\/72"}],"collection":[{"href":"http:\/\/montazokien.eu\/index.php?rest_route=\/wp\/v2\/product"}],"about":[{"href":"http:\/\/montazokien.eu\/index.php?rest_route=\/wp\/v2\/types\/product"}],"replies":[{"embeddable":true,"href":"http:\/\/montazokien.eu\/index.php?rest_route=%2Fwp%2Fv2%2Fcomments&post=72"}],"version-history":[{"count":1,"href":"http:\/\/montazokien.eu\/index.php?rest_route=\/wp\/v2\/product\/72\/revisions"}],"predecessor-version":[{"id":73,"href":"http:\/\/montazokien.eu\/index.php?rest_route=\/wp\/v2\/product\/72\/revisions\/73"}],"wp:featuredmedia":[{"embeddable":true,"href":"http:\/\/montazokien.eu\/index.php?rest_route=\/wp\/v2\/media\/57"}],"wp:attachment":[{"href":"http:\/\/montazokien.eu\/index.php?rest_route=%2Fwp%2Fv2%2Fmedia&parent=72"}],"curies":[{"name":"wp","href":"https:\/\/api.w.org\/{rel}","templated":true}]}}